{"id":51,"date":"2023-02-07T22:23:16","date_gmt":"2023-02-07T22:23:16","guid":{"rendered":"https:\/\/viaferrataleon.com\/?page_id=51"},"modified":"2023-02-23T16:16:48","modified_gmt":"2023-02-23T16:16:48","slug":"cursos-progresion-vias-ferrata","status":"publish","type":"page","link":"https:\/\/viaferrataleon.com\/index.php\/cursos-progresion-vias-ferrata\/","title":{"rendered":"Cursos Progresi\u00f3n V\u00eda Ferrata"},"content":{"rendered":"<p>[et_pb_section fb_built=\u00bb1&#8243; admin_label=\u00bbHero\u00bb _builder_version=\u00bb4.20.0&#8243; background_image=\u00bbhttps:\/\/viaferrataleon.com\/wp-content\/uploads\/2023\/02\/IMG_6528-1-scaled.jpg\u00bb parallax=\u00bbon\u00bb min_height=\u00bb784.8px\u00bb custom_padding=\u00bb0px||0px|||\u00bb global_colors_info=\u00bb{}\u00bb][et_pb_row use_custom_gutter=\u00bbon\u00bb gutter_width=\u00bb1&#8243; module_class=\u00bb et_pb_row_fullwidth\u00bb _builder_version=\u00bb4.20.0&#8243; width=\u00bb100%\u00bb width_tablet=\u00bb100%\u00bb width_phone=\u00bb100%\u00bb width_last_edited=\u00bbon|desktop\u00bb max_width=\u00bb100%\u00bb max_width_tablet=\u00bb100%\u00bb max_width_phone=\u00bb100%\u00bb max_width_last_edited=\u00bbon|desktop\u00bb custom_margin=\u00bb|auto|-5px|auto||\u00bb custom_padding=\u00bb37px||27px|||\u00bb make_fullwidth=\u00bbon\u00bb global_colors_info=\u00bb{}\u00bb][et_pb_column type=\u00bb4_4&#8243; _builder_version=\u00bb4.16&#8243; background_position=\u00bbtop_left\u00bb custom_padding=\u00bb|10%||10%\u00bb global_colors_info=\u00bb{}\u00bb custom_padding__hover=\u00bb|||\u00bb][et_pb_text admin_label=\u00bbHero Title\u00bb _builder_version=\u00bb4.20.0&#8243; text_font=\u00bb|800||on|||||\u00bb text_text_color=\u00bb#FFFFFF\u00bb text_font_size=\u00bb18px\u00bb text_line_height=\u00bb2em\u00bb header_font=\u00bbOswald|on||on|\u00bb header_text_align=\u00bbleft\u00bb header_line_height=\u00bb1.3em\u00bb background_layout=\u00bbdark\u00bb max_width=\u00bb450px\u00bb custom_margin=\u00bb|||\u00bb custom_padding=\u00bb|||\u00bb animation_style=\u00bbslide\u00bb animation_direction=\u00bbtop\u00bb animation_intensity_slide=\u00bb10%\u00bb text_text_shadow_style=\u00bbpreset1&#8243; header_text_shadow_style=\u00bbpreset1&#8243; locked=\u00bboff\u00bb global_colors_info=\u00bb{}\u00bb]<\/p>\n<p><span style=\"font-size: xx-large;\">cursos de progresi\u00f3n en v\u00edas ferratas<\/span><\/p>\n<p>[\/et_pb_text][et_pb_divider color=\u00bb#ed4441&#8243; divider_position=\u00bbcenter\u00bb divider_weight=\u00bb3px\u00bb disabled_on=\u00bbon|on|off%22&#8243; _builder_version=\u00bb4.16&#8243; max_width=\u00bb150px\u00bb height=\u00bbfalse\u00bb custom_margin=\u00bb30px|||\u00bb animation_style=\u00bbslide\u00bb animation_direction=\u00bbtop\u00bb animation_delay=\u00bb100ms\u00bb animation_intensity_slide=\u00bb10%\u00bb locked=\u00bboff\u00bb global_colors_info=\u00bb{}\u00bb][\/et_pb_divider][et_pb_text admin_label=\u00bbHero Sub Title\u00bb _builder_version=\u00bb4.20.0&#8243; text_font=\u00bbRoboto||||\u00bb text_font_size=\u00bb17px\u00bb text_line_height=\u00bb1.4em\u00bb background_size=\u00bbinitial\u00bb background_position=\u00bbtop_left\u00bb background_repeat=\u00bbrepeat\u00bb background_layout=\u00bbdark\u00bb max_width=\u00bb450px\u00bb custom_padding=\u00bb30px||0px|||\u00bb animation_style=\u00bbslide\u00bb animation_direction=\u00bbtop\u00bb animation_delay=\u00bb200ms\u00bb animation_intensity_slide=\u00bb10%\u00bb locked=\u00bboff\u00bb global_colors_info=\u00bb{}\u00bb]<\/p>\n<p><span style=\"font-size: medium;\">Para poder ir a la monta\u00f1a m\u00e1s seguro e ir m\u00e1s c\u00f3modo en tus aventuras de manera aut\u00f3noma, te recomendamos que os form\u00e9is para que no tengamos ning\u00fan susto.<\/span><\/p>\n<p><span style=\"font-size: medium;\">Varias empresas de la zona en donde se encuentran las V\u00edas Ferratas disponen de Gu\u00edas y material para daros este servicio.<\/span><\/p>\n<p>[\/et_pb_text][\/et_pb_column][\/et_pb_row][\/et_pb_section][et_pb_section fb_built=\u00bb1&#8243; _builder_version=\u00bb4.16&#8243; custom_margin=\u00bb-376px|||||\u00bb custom_padding=\u00bb110px||110px|\u00bb global_colors_info=\u00bb{}\u00bb][et_pb_row column_structure=\u00bb1_2,1_2&#8243; _builder_version=\u00bb4.20.0&#8243; custom_margin=\u00bb-78px|auto|11px|auto||\u00bb custom_padding=\u00bb||0px|||\u00bb global_colors_info=\u00bb{}\u00bb][et_pb_column type=\u00bb1_2&#8243; _builder_version=\u00bb4.16&#8243; custom_padding=\u00bb|||\u00bb global_colors_info=\u00bb{}\u00bb custom_padding__hover=\u00bb|||\u00bb][et_pb_text admin_label=\u00bbTitle\u00bb _builder_version=\u00bb4.16&#8243; text_font=\u00bb||||\u00bb text_text_color=\u00bb#1a1a1a\u00bb header_font=\u00bbOswald|on||on|\u00bb header_text_align=\u00bbleft\u00bb header_font_size=\u00bb60px\u00bb header_line_height=\u00bb1.3em\u00bb max_width=\u00bb450px\u00bb custom_margin=\u00bb|||\u00bb custom_padding=\u00bb|||\u00bb animation_style=\u00bbslide\u00bb animation_direction=\u00bbtop\u00bb animation_intensity_slide=\u00bb10%\u00bb locked=\u00bboff\u00bb global_colors_info=\u00bb{}\u00bb]<\/p>\n<h1>NIVELES<\/h1>\n<p>[\/et_pb_text][et_pb_divider color=\u00bb#ed4441&#8243; divider_position=\u00bbcenter\u00bb divider_weight=\u00bb3px\u00bb disabled_on=\u00bbon|on|off%22&#8243; _builder_version=\u00bb4.16&#8243; max_width=\u00bb150px\u00bb height=\u00bbfalse\u00bb custom_margin=\u00bb30px|||\u00bb animation_style=\u00bbslide\u00bb animation_direction=\u00bbtop\u00bb animation_delay=\u00bb100ms\u00bb animation_intensity_slide=\u00bb10%\u00bb locked=\u00bboff\u00bb global_colors_info=\u00bb{}\u00bb][\/et_pb_divider][et_pb_text admin_label=\u00bbSub Title\u00bb _builder_version=\u00bb4.16&#8243; text_font=\u00bbRoboto||||\u00bb text_text_color=\u00bb#1a1a1a\u00bb text_font_size=\u00bb24px\u00bb text_line_height=\u00bb1.4em\u00bb background_size=\u00bbinitial\u00bb background_position=\u00bbtop_left\u00bb background_repeat=\u00bbrepeat\u00bb max_width=\u00bb450px\u00bb min_height=\u00bb85.2px\u00bb custom_margin=\u00bb||-61px|||\u00bb custom_padding=\u00bb30px|||\u00bb animation_style=\u00bbslide\u00bb animation_direction=\u00bbtop\u00bb animation_delay=\u00bb200ms\u00bb animation_intensity_slide=\u00bb10%\u00bb locked=\u00bboff\u00bb global_colors_info=\u00bb{}\u00bb]<\/p>\n<p>Se realizan los siguientes Cursos de Formaci\u00f3n en progresi\u00f3n de V\u00edas Ferratas<\/p>\n<p>[\/et_pb_text][et_pb_text _builder_version=\u00bb4.16&#8243; text_font=\u00bbRoboto||||\u00bb text_font_size=\u00bb16px\u00bb text_line_height=\u00bb1.9em\u00bb background_size=\u00bbinitial\u00bb background_position=\u00bbtop_left\u00bb background_repeat=\u00bbrepeat\u00bb max_width=\u00bb450px\u00bb min_height=\u00bb547px\u00bb custom_margin=\u00bb64px||3px|||\u00bb custom_padding=\u00bb31px||0px|||\u00bb animation_style=\u00bbslide\u00bb animation_direction=\u00bbtop\u00bb animation_delay=\u00bb400ms\u00bb animation_intensity_slide=\u00bb4%\u00bb locked=\u00bboff\u00bb global_colors_info=\u00bb{}\u00bb]<\/p>\n<h3><strong>Iniciaci\u00f3n: 2 d\u00edas<\/strong><\/h3>\n<p>&#8211; Contenidos:<\/p>\n<ul>\n<li>Equipo y Material<\/li>\n<li>Planificaci\u00f3n y Log\u00edstica<\/li>\n<li>Progresi\u00f3n Individual<\/li>\n<li>Maniobras B\u00e1sicas de Auto-Rescate<\/li>\n<\/ul>\n<p>&nbsp;<\/p>\n<h3>Avanzado: 2 d\u00edas<\/h3>\n<p>&#8211; Contenidos:<\/p>\n<ul>\n<li>Planificaci\u00f3n y Log\u00edstica<\/li>\n<li>T\u00e9cnicas en Progresi\u00f3n en grupo<\/li>\n<li>Maniobras Avanzadas de Auto-rescate y Escape<\/li>\n<\/ul>\n<p>\u00a0Precio:<\/p>\n<ul>\n<li>150\u20ac sin Alojamiento<\/li>\n<li>200\u20ac con Alojamiento<\/li>\n<\/ul>\n<p>Incluye:<\/p>\n<ul>\n<li>Instructor Titulado (T\u00e9cnico deportivo)<\/li>\n<li>Seguro de RC y Accidentes<\/li>\n<li>Material T\u00e9cnico<\/li>\n<li>(Opcional) Alojamiento Pensi\u00f3n Completa<\/li>\n<\/ul>\n<p>&nbsp;<\/p>\n<p>[\/et_pb_text][et_pb_toggle title=\u00bbContacto Empresas\u00bb _builder_version=\u00bb4.20.0&#8243; _module_preset=\u00bbdefault\u00bb text_orientation=\u00bbleft\u00bb text_shadow_style=\u00bbpreset1&#8243; global_colors_info=\u00bb{}\u00bb custom_padding=\u00bb||0px|||\u00bb min_height=\u00bb57px\u00bb]<\/p>\n<p>TIKI Aventura: 617176644 \/ <a href=\"mailto:tikiaventura@gmail.com\">tikiaventura@gmail.com<\/a><\/p>\n<p>Naturocio &#8211; Valle de Arbas: 645934353 \/ <a href=\"mailto:naturocioleon@gmail.com\">naturocioleon@gmail.com<\/a><\/p>\n<p>Gu\u00edas de Le\u00f3n: <a href=\"mailto:guiasleon@gmail.com\">guiasleon@gmail.com<\/a><\/p>\n<p>&nbsp;<\/p>\n<p>[\/et_pb_toggle][\/et_pb_column][et_pb_column type=\u00bb1_2&#8243; _builder_version=\u00bb4.16&#8243; custom_padding=\u00bb|||\u00bb global_colors_info=\u00bb{}\u00bb custom_padding__hover=\u00bb|||\u00bb][et_pb_image src=\u00bbhttps:\/\/viaferrataleon.com\/wp-content\/uploads\/2023\/02\/Cubillas-de-Arbas-Ferrata-Tiki-Aventura-scaled-e1676970385714.jpg\u00bb title_text=\u00bbCubillas de Arbas Ferrata\u00bb force_fullwidth=\u00bbon\u00bb align_tablet=\u00bbcenter\u00bb align_phone=\u00bbcenter\u00bb align_last_edited=\u00bbon|desktop\u00bb _builder_version=\u00bb4.20.0&#8243; custom_margin=\u00bb|||\u00bb animation_style=\u00bbslide\u00bb animation_direction=\u00bb%22fade_in%22&#8243; animation_duration=\u00bb500ms\u00bb animation_intensity_slide=\u00bb10%\u00bb animation=\u00bbfade_in\u00bb global_colors_info=\u00bb{}\u00bb][\/et_pb_image][\/et_pb_column][\/et_pb_row][\/et_pb_section]<\/p>\n","protected":false},"excerpt":{"rendered":"<p>cursos de progresi\u00f3n en v\u00edas ferratasPara poder ir a la monta\u00f1a m\u00e1s seguro e ir m\u00e1s c\u00f3modo en tus aventuras de manera aut\u00f3noma, te recomendamos que os form\u00e9is para que no tengamos ning\u00fan susto. Varias empresas de la zona en donde se encuentran las V\u00edas Ferratas disponen de Gu\u00edas y material para daros este servicio.NIVELESSe [&hellip;]<\/p>\n","protected":false},"author":1,"featured_media":0,"parent":0,"menu_order":0,"comment_status":"closed","ping_status":"closed","template":"","meta":{"_et_pb_use_builder":"on","_et_pb_old_content":"","_et_gb_content_width":""},"_links":{"self":[{"href":"https:\/\/viaferrataleon.com\/index.php\/wp-json\/wp\/v2\/pages\/51"}],"collection":[{"href":"https:\/\/viaferrataleon.com\/index.php\/wp-json\/wp\/v2\/pages"}],"about":[{"href":"https:\/\/viaferrataleon.com\/index.php\/wp-json\/wp\/v2\/types\/page"}],"author":[{"embeddable":true,"href":"https:\/\/viaferrataleon.com\/index.php\/wp-json\/wp\/v2\/users\/1"}],"replies":[{"embeddable":true,"href":"https:\/\/viaferrataleon.com\/index.php\/wp-json\/wp\/v2\/comments?post=51"}],"version-history":[{"count":13,"href":"https:\/\/viaferrataleon.com\/index.php\/wp-json\/wp\/v2\/pages\/51\/revisions"}],"predecessor-version":[{"id":219,"href":"https:\/\/viaferrataleon.com\/index.php\/wp-json\/wp\/v2\/pages\/51\/revisions\/219"}],"wp:attachment":[{"href":"https:\/\/viaferrataleon.com\/index.php\/wp-json\/wp\/v2\/media?parent=51"}],"curies":[{"name":"wp","href":"https:\/\/api.w.org\/{rel}","templated":true}]}}